2, 19
Let t be (-331 - 0) + 0 + 2. Suppose 0 = 67*z - 63*z + 1916. Let k = t - z. What are the prime factors of k?
2, 3, 5
Let k(d) = -d**3 + 8*d**2 + 6*d + 27. Let m(h) = 11*h - 57. Let o be m(6). Let c be k(o). Suppose c = 4*s + 21 - 73. List the prime factors of s.
13
Suppose 0 = -q + 4*q - 6. Suppose 3*p - q*x - 66 = -5*x, 0 = -4*x. Suppose 0 = p*t - 19*t - 219. List the prime factors of t.
73
Suppose r - 53 = -3. Let x = -50 + r. Suppose -13*v - 109 + 1162 = x. List the prime factors of v.
3
Let i(v) = -92*v**3 + 2*v**2 + 9*v - 9. Let w(x) = x**3 - x**2 - 2. Let f(a) = i(a) - 5*w(a). List the prime factors of f(-2).
787
Let q = 25618 + -14661. List the prime factors of q.
10957
Let n(i) = -9*i**2 - 3*i + 6. Let d be n(4). Let v be (d/(-35))/(2/(-28)) + -2. Let p = v - -77. List the prime factors of p.
3, 5
Suppose -22*x + 26130 = -5814. Suppose -x = -2*o - 472. What are the prime factors of o?
2, 5, 7
Suppose 0 + 4 = 2*z + m, -4*z + 18 = -3*m. Let j be (-20)/25*(-5)/2. Suppose -z = j*r - 119. List the prime factors of r.
2, 29
Let y = -5924 + 10647. List the prime factors of y.
4723
Suppose 0 = 27*v - 20*v - 4725. Suppose -v = -11*a + 3681. What are the prime factors of a?
2, 3, 11
Let x be 71/(7*4/364). Suppose -979 - x = -6*k. List the prime factors of k.
317
Let m = -21819 - -38032. What are the prime factors of m?
31, 523
Let m(w) = w**2 + 77*w + 32. List the prime factors of m(24).
2, 307
Let v = -65 - -69. Suppose -h + 5*h + 3076 = 3*p, 0 = p + v*h - 1004. List the prime factors of p.
2, 3, 5, 17
Suppose -6*s + 288 = -s + 3*h, -4*h - 16 = 0. Suppose -17*u + 5*u + s = 0. Suppose q + 0*q + 4*a = 213, 0 = q + u*a - 211. List the prime factors of q.
13, 17
Let a be 1 + -3 + 12*1 - 3. Let t(i) = 14*i**2 + 6*i - 25. What are the prime factors of t(a)?
19, 37
Suppose -3*x = 2*x - 110. Suppose x*k = 17*k + 1245. Suppose l - k = -3*g, 3*l - 5*l = -6. List the prime factors of g.
2, 41
Let l(g) = 6*g**2 + g - 351. List the prime factors of l(18).
3, 179
Let w(l) = 97*l - 2280. What are the prime factors of w(93)?
3, 7, 107
Let c = -166 - -169. Suppose -z = c*o - 93, -z + o + 91 = 2*o. List the prime factors of z.
2, 3, 5
Suppose -5*j + f = -2886, -5*j - 157 + 3019 = 3*f. List the prime factors of j.
2, 3
Let r(z) = -5*z + 14. Let k be r(5). Let o be 72/(5 + k)*-2. List the prime factors of 150 - (o/(-4) + 4).
2, 19
Suppose -3*c - 58 + 265 = 0. Suppose -7*a - 20 = -c. Suppose 4*g - 2*s = 330, 3*g - 4*s + 348 = a*g. List the prime factors of g.
2, 3, 7
Suppose 4*p - 3 = p. Let v be 5*(-4)/(-20) - p. Suppose v*a = 4*a - 196. List the prime factors of a.
7
List the prime factors of (12 - 2123/11)*-29.
29, 181
Let h(i) = i**2 + i. Let g(m) = 13*m**2 - 11*m - 15. Let p(z) = g(z) - 3*h(z). What are the prime factors of p(-5)?
5, 61
Let p(v) = 258*v**2 - 82*v - 733. List the prime factors of p(-8).
5, 19, 173
Suppose -67*q + 1258608 = 11*q. List the prime factors of q.
2, 2017
Let b(q) = -8*q - 142. Let w be b(-16). Let m(x) = -36*x + 213. List the prime factors of m(w).
3, 239
What are the prime factors of (62 - -42)*963/12?
2, 3, 13, 107
Suppose -z + 7312 = -2*j, 2*j = -3*z + 4901 + 17035. What are the prime factors of z?
2, 457
Suppose -13796 = -23*h - 3745. Let u = 157 + h. List the prime factors of u.
2, 3, 11
Let j(h) = -127 - 42*h + 189*h + 158*h. What are the prime factors of j(5)?
2, 3, 233
Suppose -3*x + 710 = 2*z, -x - 3*x + 945 = z. Suppose -x + 12 = 4*i. Let c = i + 109. What are the prime factors of c?
53
Suppose -3*i + d = -15508, i + 3*d + 1444 - 6630 = 0. What are the prime factors of i?
5171
Let i(a) = 10*a**3 + 63*a**2 - 87*a + 177. Let g(p) = 7*p**3 + 42*p**2 - 58*p + 118. Let r(z) = -7*g(z) + 5*i(z). List the prime factors of r(-22).
3, 71
Suppose 786*p = 192*p + 34870176. List the prime factors of p.
2, 3, 1223
Let u(r) = 49*r**2 - 75*r - 74. Let z be u(-1). Suppose 0 = z*b - 40697 - 15303. What are the prime factors of b?
2, 5, 7
Suppose -5*j = -2*v - 13, 18*j - 5 = 15*j + 4*v. Let n(m) = 90*m**2 - 14*m + 38. List the prime factors of n(j).
2, 13, 31
Let c(f) = f**3 + 5*f**2 + 3*f - 2. Let o be c(-4). Let g(n) = 2*n**2 + 13 - n**2 - n + 3*n**o - 3*n**2. List the prime factors of g(-6).
5, 11
Let y = 3490 - -2065. What are the prime factors of y?
5, 11, 101
Suppose -9 = -4*j - 3*v, -3*v = -0 + 15. Suppose 0 = -4*g, j*k = 2*k + 2*g - 20. Let r(w) = -2*w**3 - 7*w**2 - 7*w - 11. What are the prime factors of r(k)?
3, 11
Suppose 0 = -8*b + 51*b - 774. What are the prime factors of b?
2, 3
Suppose -38*a + 21 = -37*a. Suppose -a*k + 7004 - 851 = 0. List the prime factors of k.
293
Suppose -y - 3*s + 41 = -396, 866 = 2*y + 4*s. Suppose 5*u + z + y = 0, 2*z = 5*u + 322 + 118. Let t = -29 - u. What are the prime factors of t?
3, 19
Suppose 9814 + 29220 = 8*a - 59598. List the prime factors of a.
12329
Let j(m) = -22*m + 78. Suppose -18*s = -56 + 2. List the prime factors of j(s).
2, 3
Let x(q) = -45*q + 5. Let p be x(-10). Let z = -297 + p. List the prime factors of z.
2, 79
List the prime factors of ((-254136)/84)/((-6)/21).
10589
Let j(p) = p**2 - 4*p + 23. Let t be j(-12). Let m = 313 - t. List the prime factors of m.
2, 7
Let c be 1/((-2 - -5)/12). Suppose 0 = 5*q + 1 + c. List the prime factors of q - 1 - (-4 - 19).
3, 7
Suppose -2*c - 3*t = -32, -2*c + t = -32 - 0. Suppose -2*q = -s + 7 + 1, -3*s - 2*q = -8. Let u = c + s. What are the prime factors of u?
2, 5
Let f be (-10)/(-5)*(-210)/(-12). Suppose n = -2*n + 4*l + 310, l + 435 = 4*n. Suppose f - n = -3*q. What are the prime factors of q?
5
Suppose -2*a + 6887 - 491 = -4*k, 16020 = 5*a - 4*k. List the prime factors of a.
2, 401
Suppose 5*y + 2*v = 72269, 5*v - 43388 = -43*y + 40*y. What are the prime factors of y?
3, 4817
Let z = 192 - 84. Let o = 135 - z. List the prime factors of o/45 - 13/5 - -76.
2, 37
Let f(u) = 2 + 5 + 30*u + 1 - 29*u. Let o be f(-8). Suppose 0*c + 126 = s + c, o = -2*s + 3*c + 277. List the prime factors of s.
131
Suppose 0 = -3*x - 3*g + g + 232, 8 = -2*g. Let j be (-10)/x - (-33)/8. What are the prime factors of (7/j*-1)/(1/(-48))?
2, 3, 7
Let q(y) = 195*y**2 + 4*y + 12. Let g be q(-3). Suppose 5*j = 20, -443 = 4*a + 4*j - g. What are the prime factors of a?
2, 3
Suppose -10 = v + 12. Let y be v/(-33)*(-2 - (-19)/2). Suppose 4*w = -w + 4*q + 644, 0 = -5*q - y. What are the prime factors of w?
2
Let f be (2872/10)/(10/25). Suppose f = -0*v + 2*v + c, -5*v = c - 1795. Suppose -5*u = -v - 281. What are the prime factors of u?
2
Let r(o) = 26*o**2 + 8*o - 8. Let z be r(-11). Let g = z + -1771. List the prime factors of g.
1279
Let z be ((-246)/9)/(2/(-2202)). Suppose 28*u + 13*u - z = 0. List the prime factors of u.
2, 367
Suppose 153*i = 1928521 + 184409. What are the prime factors of i?
2, 5, 1381
Let j(b) = -2*b**2 - 14*b - 7. Let n be j(-6). Suppose 3300 = 6*d + n*d. Suppose -6*t + d = -2*t. List the prime factors of t.
3, 5
Let t = -809 - -179. Let n = -10 - t. What are the prime factors of n?
2, 5, 31
Let b(q) = 46*q**2 - 73*q + 2165. List the prime factors of b(36).
149, 397
What are the prime factors of 14/(-112) - 6953/(-8)?
11, 79
List the prime factors of (1061*(-24)/9)/(((-4)/2)/12).
2, 1061
Suppose -184459 = 10*m - 30*m + 194181. List the prime factors of m.
2, 4733
Suppose -5 = -w, -t = -4*w - 72 - 1096. Suppose t = -0*k + 4*k. Suppose 13*d - 10*d - k = 0. What are the prime factors of d?
3, 11
Suppose -83*i = -84*i - 3. List the prime factors of 0 + 1837 - (5 + i + -6).
7, 263
Let w(i) = 13*i**2 - 248*i + 139. List the prime factors of w(41).
2, 739
Let h(l) = 2*l - 22. Let z be h(13). Let g be (-11)/(-1) + 1 - 12/z. Suppose 2*u = 251 - g. List the prime factors of u.
11
Let k(f) = 2*f**2 - 3. Let d be k(-2). Suppose -5*a - d*p = -4*a + 1, -5*a - 34 = -4*p. Let y = a - -40. What are the prime factors of y?
2, 17
Let x = -35048 - -87510. List the prime factors of x.
2, 17, 1543
Let o = 323 - 152. Let u be -8*1 + (-9504)/216. Let w = o + u. What are the prime factors of w?
7, 17
Let t be 190/(-57) - -4*2/(-12). List the prime factors of 1090 + (64/24)/(t/6).
2, 3, 181
Let w(l) = -2*l**3 - 4*l**2 + 4*l + 1. Let f be w(-5). Suppose -15*m = -16*m + f. Let y = m + -81. What are the prime factors of y?
2, 5
Let z = -89 + 89. Suppose 5*i - 3*x +